{"id":1299,"date":"2024-05-25T08:15:41","date_gmt":"2024-05-25T06:15:41","guid":{"rendered":"http:\/\/emiliedurand.fr\/?page_id=1299"},"modified":"2025-11-29T10:56:01","modified_gmt":"2025-11-29T09:56:01","slug":"tarifs","status":"publish","type":"page","link":"https:\/\/emiliedurand.fr\/index.php\/tarifs\/","title":{"rendered":"Tarifs"},"content":{"rendered":"\n<div class=\"wp-block-columns is-layout-flex wp-container-core-columns-is-layout-9d6595d7 wp-block-columns-is-layout-flex\">\n<div class=\"wp-block-column is-layout-flow wp-block-column-is-layout-flow\">\n<hr class=\"wp-block-separator has-text-color has-alpha-channel-opacity has-background\" style=\"background-color:#e7b10a;color:#e7b10a\"\/>\n<\/div>\n<\/div>\n\n\n\n<div style=\"height:30px\" aria-hidden=\"true\" class=\"wp-block-spacer\"><\/div>\n\n\n\n<p class=\"has-text-align-center has-black-color has-text-color has-link-color has-medium-font-size wp-elements-1d748e806a912d98323198917532b7e0\">L&rsquo;int\u00e9gralit\u00e9 des tarifs sont calcul\u00e9s de mani\u00e8re \u00e0 prendre en compte :<\/p>\n\n\n\n<div style=\"height:30px\" aria-hidden=\"true\" class=\"wp-block-spacer\"><\/div>\n\n\n\n<p class=\"has-black-color has-text-color has-link-color has-medium-font-size wp-elements-6c345a94078aa29c318908fcfaf1cb21\"><strong>\u27a1 <em>La pr\u00e9 analyse :<\/em><\/strong><em> <\/em><br>Avant un bilan comportemental, il me faut en moyenne 1h \u00e0 2h30 pour pr\u00e9parer notre rendez-vous.<br>J&rsquo;analyse le questionnaire, les vid\u00e9os et fait des recherches en lien avec l&rsquo;historique de votre animal (association, \u00e9levage etc..). <br>Lorsque nous nous voyons pour la premi\u00e8re fois, j&rsquo;ai d\u00e9j\u00e0 une vision relativement compl\u00e8te de ce qu&rsquo;il se passe pour votre animal. De ce fait les questions que je vous pose durant l&rsquo;entretien visent simplement \u00e0 \u00e9liminer ou confirmer certaines hypoth\u00e8ses. <\/p>\n\n\n\n<p class=\"has-black-color has-text-color has-link-color has-medium-font-size wp-elements-412382d459f76542da7a70a5c7020d4a\"><strong>\u27a1 <em>Le rendez-vous :<\/em><\/strong><em> <\/em><br>Le bilan comportemental dure 2h et les rendez-vous de suivi durent en moyenne 1h \u00e0 votre domicile ou en visio. Je vous pose des questions compl\u00e9mentaires, je vous explique ce qu&rsquo;il se passe pour votre animal, je r\u00e9pond \u00e0 vos questions et vous d\u00e9taille ce que nous allons mettre en place.<\/p>\n\n\n\n<p class=\"has-black-color has-text-color has-link-color has-medium-font-size wp-elements-c2ae2e4e0a5837e3fddbd9de888e666f\"><strong>\u27a1 <em>Le compte-rendu :<\/em><\/strong><em> <\/em><br>Apr\u00e8s le bilan comportemental, je r\u00e9dige un compte rendu \u00e9crit qui n\u00e9cessitent de revenir sur ce que vous m&rsquo;avez transmis comme information le jour du rendez-vous. Pour la r\u00e9daction d&rsquo;un bilan comportemental le temps de r\u00e9daction varie entre 1h et 3h.<\/p>\n\n\n\n<p class=\"has-black-color has-text-color has-link-color has-medium-font-size wp-elements-c4192d28960e309f5d4daed8f8882aae\"><strong>\u27a1<em> L&rsquo;accompagnement individuel<\/em><\/strong><br>J&rsquo;ai fais le choix de ne proposer que des accompagnements individuels et personnalis\u00e9s pour m&rsquo;ajuster au mieux au bin\u00f4me que j&rsquo;accompagne. <\/p>\n\n\n\n<p class=\"has-black-color has-text-color has-link-color has-medium-font-size wp-elements-cdfda36297d0b50d4a0b9ab1eb02f471\"><strong>\u27a1<em> Temps de formation continue<\/em><\/strong><br>Ayant fait le choix de me former de mani\u00e8re continue afin de vous proposer l&rsquo;accompagnement le plus adapt\u00e9, pr\u00e9cis et actualis\u00e9 qu&rsquo;il soit je consacre plusieurs heures par semaine \u00e0 la lecture d&rsquo;articles et recherches en lien avec les probl\u00e9matiques que j&rsquo;accompagne chez le chien.<\/p>\n\n\n\n<div style=\"height:64px\" aria-hidden=\"true\" class=\"wp-block-spacer\"><\/div>\n\n\n\n<div class=\"wp-block-columns is-layout-flex wp-container-core-columns-is-layout-9d6595d7 wp-block-columns-is-layout-flex\">\n<div class=\"wp-block-column is-layout-flow wp-block-column-is-layout-flow\">\n<figure class=\"wp-block-image size-full is-resized\"><a href=\"https:\/\/emiliedurand.fr\/index.php\/bilan-comportemental\/\"><img loading=\"lazy\" decoding=\"async\" width=\"340\" height=\"340\" src=\"https:\/\/emiliedurand.fr\/wp-content\/uploads\/2025\/03\/bilan-comportemental-1.png\" alt=\"\" class=\"wp-image-1924\" style=\"width:400px\" srcset=\"https:\/\/emiliedurand.fr\/wp-content\/uploads\/2025\/03\/bilan-comportemental-1.png 340w, https:\/\/emiliedurand.fr\/wp-content\/uploads\/2025\/03\/bilan-comportemental-1-300x300.png 300w, https:\/\/emiliedurand.fr\/wp-content\/uploads\/2025\/03\/bilan-comportemental-1-150x150.png 150w, https:\/\/emiliedurand.fr\/wp-content\/uploads\/2025\/03\/bilan-comportemental-1-75x75.png 75w\" sizes=\"auto, (max-width: 340px) 100vw, 340px\" \/><\/a><\/figure>\n<\/div>\n\n\n\n<div class=\"wp-block-column is-layout-flow wp-block-column-is-layout-flow\"><div class=\"wp-block-image\">\n<figure class=\"aligncenter size-full is-resized\"><a href=\"https:\/\/emiliedurand.fr\/index.php\/suivi-comportemental-educatif-2\/\"><img loading=\"lazy\" decoding=\"async\" width=\"340\" height=\"340\" src=\"https:\/\/emiliedurand.fr\/wp-content\/uploads\/2025\/03\/Seance-suivi-comportemental-1.png\" alt=\"\" class=\"wp-image-1929\" style=\"width:400px\" srcset=\"https:\/\/emiliedurand.fr\/wp-content\/uploads\/2025\/03\/Seance-suivi-comportemental-1.png 340w, https:\/\/emiliedurand.fr\/wp-content\/uploads\/2025\/03\/Seance-suivi-comportemental-1-300x300.png 300w, https:\/\/emiliedurand.fr\/wp-content\/uploads\/2025\/03\/Seance-suivi-comportemental-1-150x150.png 150w, https:\/\/emiliedurand.fr\/wp-content\/uploads\/2025\/03\/Seance-suivi-comportemental-1-75x75.png 75w\" sizes=\"auto, (max-width: 340px) 100vw, 340px\" \/><\/a><\/figure><\/div><\/div>\n\n\n\n<div class=\"wp-block-column is-layout-flow wp-block-column-is-layout-flow\"><div class=\"wp-block-image\">\n<figure class=\"aligncenter size-full is-resized\"><a href=\"https:\/\/emiliedurand.fr\/index.php\/accompagnement-pre-adoption\/\"><img loading=\"lazy\" decoding=\"async\" width=\"340\" height=\"340\" src=\"https:\/\/emiliedurand.fr\/wp-content\/uploads\/2025\/03\/avant-adoption-1.png\" alt=\"\" class=\"wp-image-1934\" style=\"width:400px\" srcset=\"https:\/\/emiliedurand.fr\/wp-content\/uploads\/2025\/03\/avant-adoption-1.png 340w, https:\/\/emiliedurand.fr\/wp-content\/uploads\/2025\/03\/avant-adoption-1-300x300.png 300w, https:\/\/emiliedurand.fr\/wp-content\/uploads\/2025\/03\/avant-adoption-1-150x150.png 150w, https:\/\/emiliedurand.fr\/wp-content\/uploads\/2025\/03\/avant-adoption-1-75x75.png 75w\" sizes=\"auto, (max-width: 340px) 100vw, 340px\" \/><\/a><\/figure><\/div><\/div>\n<\/div>\n\n\n\n<div style=\"height:42px\" aria-hidden=\"true\" class=\"wp-block-spacer\"><\/div>\n\n\n\n<div class=\"wp-block-columns is-layout-flex wp-container-core-columns-is-layout-9d6595d7 wp-block-columns-is-layout-flex\">\n<div class=\"wp-block-column is-layout-flow wp-block-column-is-layout-flow\"><div class=\"wp-block-image\">\n<figure class=\"aligncenter size-full is-resized\"><img loading=\"lazy\" decoding=\"async\" width=\"340\" height=\"340\" src=\"https:\/\/emiliedurand.fr\/wp-content\/uploads\/2025\/03\/forfait-suivi-renforce-3.png\" alt=\"\" class=\"wp-image-1933\" style=\"width:400px\" srcset=\"https:\/\/emiliedurand.fr\/wp-content\/uploads\/2025\/03\/forfait-suivi-renforce-3.png 340w, https:\/\/emiliedurand.fr\/wp-content\/uploads\/2025\/03\/forfait-suivi-renforce-3-300x300.png 300w, https:\/\/emiliedurand.fr\/wp-content\/uploads\/2025\/03\/forfait-suivi-renforce-3-150x150.png 150w, https:\/\/emiliedurand.fr\/wp-content\/uploads\/2025\/03\/forfait-suivi-renforce-3-75x75.png 75w\" sizes=\"auto, (max-width: 340px) 100vw, 340px\" \/><\/figure><\/div><\/div>\n\n\n\n<div class=\"wp-block-column is-layout-flow wp-block-column-is-layout-flow\">\n<figure class=\"wp-block-image size-full is-resized is-style-default\"><img loading=\"lazy\" decoding=\"async\" width=\"340\" height=\"340\" src=\"https:\/\/emiliedurand.fr\/wp-content\/uploads\/2025\/03\/chiens-des-rues.png\" alt=\"\" class=\"wp-image-1901\" style=\"width:400px\" srcset=\"https:\/\/emiliedurand.fr\/wp-content\/uploads\/2025\/03\/chiens-des-rues.png 340w, https:\/\/emiliedurand.fr\/wp-content\/uploads\/2025\/03\/chiens-des-rues-300x300.png 300w, https:\/\/emiliedurand.fr\/wp-content\/uploads\/2025\/03\/chiens-des-rues-150x150.png 150w, https:\/\/emiliedurand.fr\/wp-content\/uploads\/2025\/03\/chiens-des-rues-75x75.png 75w\" sizes=\"auto, (max-width: 340px) 100vw, 340px\" \/><\/figure>\n<\/div>\n\n\n\n<div class=\"wp-block-column is-layout-flow wp-block-column-is-layout-flow\"><div class=\"wp-block-image\">\n<figure class=\"aligncenter size-full is-resized\"><img loading=\"lazy\" decoding=\"async\" width=\"340\" height=\"340\" src=\"https:\/\/emiliedurand.fr\/wp-content\/uploads\/2025\/03\/suivi-renforce-seul-2.png\" alt=\"\" class=\"wp-image-1932\" style=\"width:400px\" srcset=\"https:\/\/emiliedurand.fr\/wp-content\/uploads\/2025\/03\/suivi-renforce-seul-2.png 340w, https:\/\/emiliedurand.fr\/wp-content\/uploads\/2025\/03\/suivi-renforce-seul-2-300x300.png 300w, https:\/\/emiliedurand.fr\/wp-content\/uploads\/2025\/03\/suivi-renforce-seul-2-150x150.png 150w, https:\/\/emiliedurand.fr\/wp-content\/uploads\/2025\/03\/suivi-renforce-seul-2-75x75.png 75w\" sizes=\"auto, (max-width: 340px) 100vw, 340px\" \/><\/figure><\/div><\/div>\n<\/div>\n\n\n\n<p><\/p>\n\n\n\n<p class=\"has-text-align-center has-text-color has-link-color has-medium-font-size wp-elements-17aeaf3799471dd59522bd84352d1610\" style=\"color:#373535\">Merci de consulter les pages d\u00e9di\u00e9es \u00e0 ces prestations afin d&rsquo;avoir plus d&rsquo;informations.<br><strong>Pour toute demande ne rentrant pas dans l\u2019une de ces cat\u00e9gories merci de me contacter par mail en d\u00e9taillant vos difficult\u00e9s.<\/strong><\/p>\n\n\n\n<p class=\"has-text-align-center has-text-color has-link-color has-medium-font-size wp-elements-d9d3f412d45bd2b30d9d19964e7151b0\" style=\"color:#42634a\"><a href=\"mailto:contact@emiliedurand.Fr\" target=\"_blank\" rel=\"noreferrer noopener\"><em><strong>Contact@emiliedurand.fr<\/strong><\/em><\/a><\/p>\n\n\n\n<div style=\"height:37px\" aria-hidden=\"true\" class=\"wp-block-spacer\"><\/div>\n\n\n\n<p class=\"has-text-align-center has-medium-font-size\"><em>\u00c0 bient\u00f4t<\/em><\/p>\n","protected":false},"excerpt":{"rendered":"<p>L&rsquo;int\u00e9gralit\u00e9 des tarifs sont calcul\u00e9s de mani\u00e8re \u00e0 prendre en compte : \u27a1 La pr\u00e9 analyse : Avant un bilan comportemental, il me faut en moyenne 1h \u00e0 2h30 pour pr\u00e9parer notre rendez-vous.J&rsquo;analyse le questionnaire, les vid\u00e9os et fait des recherches en lien avec l&rsquo;historique de votre animal (association, \u00e9levage etc..). Lorsque nous nous voyons pour la premi\u00e8re fois, j&rsquo;ai d\u00e9j\u00e0 une vision relativement compl\u00e8te de ce qu&rsquo;il se passe pour votre animal. De ce fait les questions que je vous pose durant l&rsquo;entretien visent simplement \u00e0 \u00e9liminer ou confirmer certaines hypoth\u00e8ses. \u27a1 Le rendez-vous : Le bilan comportemental dure 2h et les rendez-vous de suivi durent en moyenne 1h \u00e0 votre domicile ou en visio. Je vous pose des questions compl\u00e9mentaires, je vous explique ce qu&rsquo;il se passe pour votre animal, je r\u00e9pond \u00e0 vos questions et vous d\u00e9taille ce que nous allons mettre en place. \u27a1 Le compte-rendu : Apr\u00e8s le bilan comportemental, je r\u00e9dige un compte rendu \u00e9crit qui n\u00e9cessitent de revenir sur ce que vous m&rsquo;avez transmis comme information le jour du rendez-vous. Pour la r\u00e9daction d&rsquo;un bilan comportemental le temps de r\u00e9daction varie entre 1h et 3h. \u27a1 L&rsquo;accompagnement individuelJ&rsquo;ai fais le choix de ne proposer que des accompagnements individuels et personnalis\u00e9s pour m&rsquo;ajuster au mieux au bin\u00f4me que j&rsquo;accompagne. \u27a1 Temps de formation continueAyant fait le choix de me former de mani\u00e8re continue afin de vous proposer l&rsquo;accompagnement le plus adapt\u00e9, pr\u00e9cis et actualis\u00e9 qu&rsquo;il soit je consacre plusieurs heures par semaine \u00e0 la lecture d&rsquo;articles et recherches en lien avec les probl\u00e9matiques que j&rsquo;accompagne chez le chien. Merci de consulter les pages d\u00e9di\u00e9es \u00e0 ces prestations afin d&rsquo;avoir plus d&rsquo;informations.Pour toute demande ne rentrant pas dans l\u2019une de ces cat\u00e9gories merci de me contacter par mail en d\u00e9taillant vos difficult\u00e9s. Contact@emiliedurand.fr \u00c0 bient\u00f4t<\/p>\n","protected":false},"author":1,"featured_media":0,"parent":0,"menu_order":0,"comment_status":"closed","ping_status":"closed","template":"","meta":{"footnotes":""},"class_list":["post-1299","page","type-page","status-publish","hentry"],"yoast_head":"<!-- This site is optimized with the Yoast SEO plugin v26.2 - https:\/\/yoast.com\/wordpress\/plugins\/seo\/ -->\n<title>Tarifs - \u00c9milie Durand - \u00c9ducation &amp; comportement canin<\/title>\n<meta name=\"robots\" content=\"index, follow, max-snippet:-1, max-image-preview:large, max-video-preview:-1\" \/>\n<link rel=\"canonical\" href=\"https:\/\/emiliedurand.fr\/index.php\/tarifs\/\" \/>\n<meta property=\"og:locale\" content=\"fr_FR\" \/>\n<meta property=\"og:type\" content=\"article\" \/>\n<meta property=\"og:title\" content=\"Tarifs - \u00c9milie Durand - \u00c9ducation &amp; comportement canin\" \/>\n<meta property=\"og:description\" content=\"L&rsquo;int\u00e9gralit\u00e9 des tarifs sont calcul\u00e9s de mani\u00e8re \u00e0 prendre en compte : \u27a1 La pr\u00e9 analyse : Avant un bilan comportemental, il me faut en moyenne 1h \u00e0 2h30 pour pr\u00e9parer notre rendez-vous.J&rsquo;analyse le questionnaire, les vid\u00e9os et fait des recherches en lien avec l&rsquo;historique de votre animal (association, \u00e9levage etc..). Lorsque nous nous voyons pour la premi\u00e8re fois, j&rsquo;ai d\u00e9j\u00e0 une vision relativement compl\u00e8te de ce qu&rsquo;il se passe pour votre animal. De ce fait les questions que je vous pose durant l&rsquo;entretien visent simplement \u00e0 \u00e9liminer ou confirmer certaines hypoth\u00e8ses. \u27a1 Le rendez-vous : Le bilan comportemental dure 2h et les rendez-vous de suivi durent en moyenne 1h \u00e0 votre domicile ou en visio. Je vous pose des questions compl\u00e9mentaires, je vous explique ce qu&rsquo;il se passe pour votre animal, je r\u00e9pond \u00e0 vos questions et vous d\u00e9taille ce que nous allons mettre en place. \u27a1 Le compte-rendu : Apr\u00e8s le bilan comportemental, je r\u00e9dige un compte rendu \u00e9crit qui n\u00e9cessitent de revenir sur ce que vous m&rsquo;avez transmis comme information le jour du rendez-vous. Pour la r\u00e9daction d&rsquo;un bilan comportemental le temps de r\u00e9daction varie entre 1h et 3h. \u27a1 L&rsquo;accompagnement individuelJ&rsquo;ai fais le choix de ne proposer que des accompagnements individuels et personnalis\u00e9s pour m&rsquo;ajuster au mieux au bin\u00f4me que j&rsquo;accompagne. \u27a1 Temps de formation continueAyant fait le choix de me former de mani\u00e8re continue afin de vous proposer l&rsquo;accompagnement le plus adapt\u00e9, pr\u00e9cis et actualis\u00e9 qu&rsquo;il soit je consacre plusieurs heures par semaine \u00e0 la lecture d&rsquo;articles et recherches en lien avec les probl\u00e9matiques que j&rsquo;accompagne chez le chien. Merci de consulter les pages d\u00e9di\u00e9es \u00e0 ces prestations afin d&rsquo;avoir plus d&rsquo;informations.Pour toute demande ne rentrant pas dans l\u2019une de ces cat\u00e9gories merci de me contacter par mail en d\u00e9taillant vos difficult\u00e9s. Contact@emiliedurand.fr \u00c0 bient\u00f4t\" \/>\n<meta property=\"og:url\" content=\"https:\/\/emiliedurand.fr\/index.php\/tarifs\/\" \/>\n<meta property=\"og:site_name\" content=\"\u00c9milie Durand - \u00c9ducation &amp; comportement canin\" \/>\n<meta property=\"article:publisher\" content=\"https:\/\/www.facebook.com\/people\/milie-Durand-ducation-comportement-canin\/100095410578884\/\" \/>\n<meta property=\"article:modified_time\" content=\"2025-11-29T09:56:01+00:00\" \/>\n<meta property=\"og:image\" content=\"https:\/\/emiliedurand.fr\/wp-content\/uploads\/2025\/03\/bilan-comportemental-1.png\" \/>\n\t<meta property=\"og:image:width\" content=\"340\" \/>\n\t<meta property=\"og:image:height\" content=\"340\" \/>\n\t<meta property=\"og:image:type\" content=\"image\/png\" \/>\n<meta name=\"twitter:card\" content=\"summary_large_image\" \/>\n<meta name=\"twitter:label1\" content=\"Dur\u00e9e de lecture estim\u00e9e\" \/>\n\t<meta name=\"twitter:data1\" content=\"3 minutes\" \/>\n<script type=\"application\/ld+json\" class=\"yoast-schema-graph\">{\"@context\":\"https:\/\/schema.org\",\"@graph\":[{\"@type\":\"WebPage\",\"@id\":\"https:\/\/emiliedurand.fr\/index.php\/tarifs\/\",\"url\":\"https:\/\/emiliedurand.fr\/index.php\/tarifs\/\",\"name\":\"Tarifs - \u00c9milie Durand - \u00c9ducation &amp; comportement canin\",\"isPartOf\":{\"@id\":\"https:\/\/emiliedurand.fr\/#website\"},\"primaryImageOfPage\":{\"@id\":\"https:\/\/emiliedurand.fr\/index.php\/tarifs\/#primaryimage\"},\"image\":{\"@id\":\"https:\/\/emiliedurand.fr\/index.php\/tarifs\/#primaryimage\"},\"thumbnailUrl\":\"https:\/\/emiliedurand.fr\/wp-content\/uploads\/2025\/03\/bilan-comportemental-1.png\",\"datePublished\":\"2024-05-25T06:15:41+00:00\",\"dateModified\":\"2025-11-29T09:56:01+00:00\",\"breadcrumb\":{\"@id\":\"https:\/\/emiliedurand.fr\/index.php\/tarifs\/#breadcrumb\"},\"inLanguage\":\"fr-FR\",\"potentialAction\":[{\"@type\":\"ReadAction\",\"target\":[\"https:\/\/emiliedurand.fr\/index.php\/tarifs\/\"]}]},{\"@type\":\"ImageObject\",\"inLanguage\":\"fr-FR\",\"@id\":\"https:\/\/emiliedurand.fr\/index.php\/tarifs\/#primaryimage\",\"url\":\"https:\/\/emiliedurand.fr\/wp-content\/uploads\/2025\/03\/bilan-comportemental-1.png\",\"contentUrl\":\"https:\/\/emiliedurand.fr\/wp-content\/uploads\/2025\/03\/bilan-comportemental-1.png\",\"width\":340,\"height\":340},{\"@type\":\"BreadcrumbList\",\"@id\":\"https:\/\/emiliedurand.fr\/index.php\/tarifs\/#breadcrumb\",\"itemListElement\":[{\"@type\":\"ListItem\",\"position\":1,\"name\":\"Accueil\",\"item\":\"https:\/\/emiliedurand.fr\/\"},{\"@type\":\"ListItem\",\"position\":2,\"name\":\"Tarifs\"}]},{\"@type\":\"WebSite\",\"@id\":\"https:\/\/emiliedurand.fr\/#website\",\"url\":\"https:\/\/emiliedurand.fr\/\",\"name\":\"\u00c9milie Durand - \u00c9ducation & comportement canin\",\"description\":\"Un accompagnement bienveillant pour l&#039;humain &amp; le chien\",\"publisher\":{\"@id\":\"https:\/\/emiliedurand.fr\/#organization\"},\"potentialAction\":[{\"@type\":\"SearchAction\",\"target\":{\"@type\":\"EntryPoint\",\"urlTemplate\":\"https:\/\/emiliedurand.fr\/?s={search_term_string}\"},\"query-input\":{\"@type\":\"PropertyValueSpecification\",\"valueRequired\":true,\"valueName\":\"search_term_string\"}}],\"inLanguage\":\"fr-FR\"},{\"@type\":\"Organization\",\"@id\":\"https:\/\/emiliedurand.fr\/#organization\",\"name\":\"\u00c9milie Durand - \u00c9ducation & comportement canin\",\"url\":\"https:\/\/emiliedurand.fr\/\",\"logo\":{\"@type\":\"ImageObject\",\"inLanguage\":\"fr-FR\",\"@id\":\"https:\/\/emiliedurand.fr\/#\/schema\/logo\/image\/\",\"url\":\"https:\/\/emiliedurand.fr\/wp-content\/uploads\/2023\/08\/cropped-facebook_OP_logo_ED_1-6.png\",\"contentUrl\":\"https:\/\/emiliedurand.fr\/wp-content\/uploads\/2023\/08\/cropped-facebook_OP_logo_ED_1-6.png\",\"width\":1146,\"height\":964,\"caption\":\"\u00c9milie Durand - \u00c9ducation & comportement canin\"},\"image\":{\"@id\":\"https:\/\/emiliedurand.fr\/#\/schema\/logo\/image\/\"},\"sameAs\":[\"https:\/\/www.facebook.com\/people\/milie-Durand-ducation-comportement-canin\/100095410578884\/\",\"https:\/\/www.instagram.com\/emilie_durnd\/\"]}]}<\/script>\n<!-- \/ Yoast SEO plugin. -->","yoast_head_json":{"title":"Tarifs - \u00c9milie Durand - \u00c9ducation &amp; comportement canin","robots":{"index":"index","follow":"follow","max-snippet":"max-snippet:-1","max-image-preview":"max-image-preview:large","max-video-preview":"max-video-preview:-1"},"canonical":"https:\/\/emiliedurand.fr\/index.php\/tarifs\/","og_locale":"fr_FR","og_type":"article","og_title":"Tarifs - \u00c9milie Durand - \u00c9ducation &amp; comportement canin","og_description":"L&rsquo;int\u00e9gralit\u00e9 des tarifs sont calcul\u00e9s de mani\u00e8re \u00e0 prendre en compte : \u27a1 La pr\u00e9 analyse : Avant un bilan comportemental, il me faut en moyenne 1h \u00e0 2h30 pour pr\u00e9parer notre rendez-vous.J&rsquo;analyse le questionnaire, les vid\u00e9os et fait des recherches en lien avec l&rsquo;historique de votre animal (association, \u00e9levage etc..). Lorsque nous nous voyons pour la premi\u00e8re fois, j&rsquo;ai d\u00e9j\u00e0 une vision relativement compl\u00e8te de ce qu&rsquo;il se passe pour votre animal. De ce fait les questions que je vous pose durant l&rsquo;entretien visent simplement \u00e0 \u00e9liminer ou confirmer certaines hypoth\u00e8ses. \u27a1 Le rendez-vous : Le bilan comportemental dure 2h et les rendez-vous de suivi durent en moyenne 1h \u00e0 votre domicile ou en visio. Je vous pose des questions compl\u00e9mentaires, je vous explique ce qu&rsquo;il se passe pour votre animal, je r\u00e9pond \u00e0 vos questions et vous d\u00e9taille ce que nous allons mettre en place. \u27a1 Le compte-rendu : Apr\u00e8s le bilan comportemental, je r\u00e9dige un compte rendu \u00e9crit qui n\u00e9cessitent de revenir sur ce que vous m&rsquo;avez transmis comme information le jour du rendez-vous. Pour la r\u00e9daction d&rsquo;un bilan comportemental le temps de r\u00e9daction varie entre 1h et 3h. \u27a1 L&rsquo;accompagnement individuelJ&rsquo;ai fais le choix de ne proposer que des accompagnements individuels et personnalis\u00e9s pour m&rsquo;ajuster au mieux au bin\u00f4me que j&rsquo;accompagne. \u27a1 Temps de formation continueAyant fait le choix de me former de mani\u00e8re continue afin de vous proposer l&rsquo;accompagnement le plus adapt\u00e9, pr\u00e9cis et actualis\u00e9 qu&rsquo;il soit je consacre plusieurs heures par semaine \u00e0 la lecture d&rsquo;articles et recherches en lien avec les probl\u00e9matiques que j&rsquo;accompagne chez le chien. Merci de consulter les pages d\u00e9di\u00e9es \u00e0 ces prestations afin d&rsquo;avoir plus d&rsquo;informations.Pour toute demande ne rentrant pas dans l\u2019une de ces cat\u00e9gories merci de me contacter par mail en d\u00e9taillant vos difficult\u00e9s. Contact@emiliedurand.fr \u00c0 bient\u00f4t","og_url":"https:\/\/emiliedurand.fr\/index.php\/tarifs\/","og_site_name":"\u00c9milie Durand - \u00c9ducation &amp; comportement canin","article_publisher":"https:\/\/www.facebook.com\/people\/milie-Durand-ducation-comportement-canin\/100095410578884\/","article_modified_time":"2025-11-29T09:56:01+00:00","og_image":[{"width":340,"height":340,"url":"https:\/\/emiliedurand.fr\/wp-content\/uploads\/2025\/03\/bilan-comportemental-1.png","type":"image\/png"}],"twitter_card":"summary_large_image","twitter_misc":{"Dur\u00e9e de lecture estim\u00e9e":"3 minutes"},"schema":{"@context":"https:\/\/schema.org","@graph":[{"@type":"WebPage","@id":"https:\/\/emiliedurand.fr\/index.php\/tarifs\/","url":"https:\/\/emiliedurand.fr\/index.php\/tarifs\/","name":"Tarifs - \u00c9milie Durand - \u00c9ducation &amp; comportement canin","isPartOf":{"@id":"https:\/\/emiliedurand.fr\/#website"},"primaryImageOfPage":{"@id":"https:\/\/emiliedurand.fr\/index.php\/tarifs\/#primaryimage"},"image":{"@id":"https:\/\/emiliedurand.fr\/index.php\/tarifs\/#primaryimage"},"thumbnailUrl":"https:\/\/emiliedurand.fr\/wp-content\/uploads\/2025\/03\/bilan-comportemental-1.png","datePublished":"2024-05-25T06:15:41+00:00","dateModified":"2025-11-29T09:56:01+00:00","breadcrumb":{"@id":"https:\/\/emiliedurand.fr\/index.php\/tarifs\/#breadcrumb"},"inLanguage":"fr-FR","potentialAction":[{"@type":"ReadAction","target":["https:\/\/emiliedurand.fr\/index.php\/tarifs\/"]}]},{"@type":"ImageObject","inLanguage":"fr-FR","@id":"https:\/\/emiliedurand.fr\/index.php\/tarifs\/#primaryimage","url":"https:\/\/emiliedurand.fr\/wp-content\/uploads\/2025\/03\/bilan-comportemental-1.png","contentUrl":"https:\/\/emiliedurand.fr\/wp-content\/uploads\/2025\/03\/bilan-comportemental-1.png","width":340,"height":340},{"@type":"BreadcrumbList","@id":"https:\/\/emiliedurand.fr\/index.php\/tarifs\/#breadcrumb","itemListElement":[{"@type":"ListItem","position":1,"name":"Accueil","item":"https:\/\/emiliedurand.fr\/"},{"@type":"ListItem","position":2,"name":"Tarifs"}]},{"@type":"WebSite","@id":"https:\/\/emiliedurand.fr\/#website","url":"https:\/\/emiliedurand.fr\/","name":"\u00c9milie Durand - \u00c9ducation & comportement canin","description":"Un accompagnement bienveillant pour l&#039;humain &amp; le chien","publisher":{"@id":"https:\/\/emiliedurand.fr\/#organization"},"potentialAction":[{"@type":"SearchAction","target":{"@type":"EntryPoint","urlTemplate":"https:\/\/emiliedurand.fr\/?s={search_term_string}"},"query-input":{"@type":"PropertyValueSpecification","valueRequired":true,"valueName":"search_term_string"}}],"inLanguage":"fr-FR"},{"@type":"Organization","@id":"https:\/\/emiliedurand.fr\/#organization","name":"\u00c9milie Durand - \u00c9ducation & comportement canin","url":"https:\/\/emiliedurand.fr\/","logo":{"@type":"ImageObject","inLanguage":"fr-FR","@id":"https:\/\/emiliedurand.fr\/#\/schema\/logo\/image\/","url":"https:\/\/emiliedurand.fr\/wp-content\/uploads\/2023\/08\/cropped-facebook_OP_logo_ED_1-6.png","contentUrl":"https:\/\/emiliedurand.fr\/wp-content\/uploads\/2023\/08\/cropped-facebook_OP_logo_ED_1-6.png","width":1146,"height":964,"caption":"\u00c9milie Durand - \u00c9ducation & comportement canin"},"image":{"@id":"https:\/\/emiliedurand.fr\/#\/schema\/logo\/image\/"},"sameAs":["https:\/\/www.facebook.com\/people\/milie-Durand-ducation-comportement-canin\/100095410578884\/","https:\/\/www.instagram.com\/emilie_durnd\/"]}]}},"_links":{"self":[{"href":"https:\/\/emiliedurand.fr\/index.php\/wp-json\/wp\/v2\/pages\/1299","targetHints":{"allow":["GET"]}}],"collection":[{"href":"https:\/\/emiliedurand.fr\/index.php\/wp-json\/wp\/v2\/pages"}],"about":[{"href":"https:\/\/emiliedurand.fr\/index.php\/wp-json\/wp\/v2\/types\/page"}],"author":[{"embeddable":true,"href":"https:\/\/emiliedurand.fr\/index.php\/wp-json\/wp\/v2\/users\/1"}],"replies":[{"embeddable":true,"href":"https:\/\/emiliedurand.fr\/index.php\/wp-json\/wp\/v2\/comments?post=1299"}],"version-history":[{"count":82,"href":"https:\/\/emiliedurand.fr\/index.php\/wp-json\/wp\/v2\/pages\/1299\/revisions"}],"predecessor-version":[{"id":2022,"href":"https:\/\/emiliedurand.fr\/index.php\/wp-json\/wp\/v2\/pages\/1299\/revisions\/2022"}],"wp:attachment":[{"href":"https:\/\/emiliedurand.fr\/index.php\/wp-json\/wp\/v2\/media?parent=1299"}],"curies":[{"name":"wp","href":"https:\/\/api.w.org\/{rel}","templated":true}]}}