{"id":314,"date":"2023-08-23T19:44:44","date_gmt":"2023-08-23T17:44:44","guid":{"rendered":"http:\/\/emiliedurand.fr\/?page_id=314"},"modified":"2024-06-13T11:29:27","modified_gmt":"2024-06-13T09:29:27","slug":"a-propos","status":"publish","type":"page","link":"https:\/\/emiliedurand.fr\/index.php\/a-propos\/","title":{"rendered":"\u00c0 propos"},"content":{"rendered":"\n<hr class=\"wp-block-separator has-text-color has-alpha-channel-opacity has-background is-style-wide\" style=\"background-color:#e7b10a;color:#e7b10a\"\/>\n\n\n\n<div class=\"wp-block-media-text is-stacked-on-mobile\" style=\"grid-template-columns:44% auto\"><figure class=\"wp-block-media-text__media\"><img loading=\"lazy\" decoding=\"async\" width=\"1024\" height=\"1024\" src=\"https:\/\/emiliedurand.fr\/wp-content\/uploads\/2024\/06\/13-1-1024x1024.png\" alt=\"\" class=\"wp-image-1546 size-full\" srcset=\"https:\/\/emiliedurand.fr\/wp-content\/uploads\/2024\/06\/13-1-1024x1024.png 1024w, https:\/\/emiliedurand.fr\/wp-content\/uploads\/2024\/06\/13-1-300x300.png 300w, https:\/\/emiliedurand.fr\/wp-content\/uploads\/2024\/06\/13-1-150x150.png 150w, https:\/\/emiliedurand.fr\/wp-content\/uploads\/2024\/06\/13-1-768x768.png 768w, https:\/\/emiliedurand.fr\/wp-content\/uploads\/2024\/06\/13-1-75x75.png 75w, https:\/\/emiliedurand.fr\/wp-content\/uploads\/2024\/06\/13-1.png 1080w\" sizes=\"auto, (max-width: 1024px) 100vw, 1024px\" \/><\/figure><div class=\"wp-block-media-text__content\">\n<h2 class=\"wp-block-heading\">Qui suis-je ?<\/h2>\n\n\n\n<p>Aussi loin que je me souvienne il y a toujours eu des chiens dans ma vie, des petits, des grands, des chiens \u00e0 poils courts, longs, fris\u00e9s, avec des petites oreilles, des grandes oreilles, de petites dents, de grandes dents bref des chiens !<\/p>\n\n\n\n<div class=\"wp-block-buttons is-layout-flex wp-block-buttons-is-layout-flex\">\n<div class=\"wp-block-button has-custom-font-size has-small-font-size\"><a class=\"wp-block-button__link has-white-background-color has-text-color has-background has-link-color wp-element-button\" href=\"https:\/\/emiliedurand.fr\/index.php\/qui-suis-je\/\" style=\"color:#e7b10a\">Lire la suite&#8230;<\/a><\/div>\n<\/div>\n<\/div><\/div>\n\n\n\n<div class=\"wp-block-media-text has-media-on-the-right is-stacked-on-mobile\"><div class=\"wp-block-media-text__content\">\n<h2 class=\"wp-block-heading\">M\u00e9thode &amp; \u00e9thique<\/h2>\n\n\n\n<p>L\u2019accompagnement que je propose se veut <strong>syst\u00e9mique<\/strong>. Cela signifie que <strong>je prend en compte de mani\u00e8re globale les difficult\u00e9s de votre animal, les v\u00f4tres ainsi que l\u2019environnement dans lequel vous \u00e9voluez.<\/strong><\/p>\n\n\n\n<p>Mes <strong>connaissances sont r\u00e9guli\u00e8rement mises \u00e0 jour au niveau des avanc\u00e9es dans les sciences du comportement<\/strong> et je me forme en continue sur un large panel de probl\u00e9matique chez le chien.<\/p>\n\n\n\n<div class=\"wp-block-buttons is-layout-flex wp-block-buttons-is-layout-flex\">\n<div class=\"wp-block-button has-custom-font-size has-small-font-size\"><a class=\"wp-block-button__link has-white-background-color has-text-color has-background has-link-color has-text-align-center wp-element-button\" href=\"https:\/\/emiliedurand.fr\/index.php\/methode-ethique-de-travail\/\" style=\"color:#e7b10a\">Lire la suite&#8230;<\/a><\/div>\n<\/div>\n<\/div><figure class=\"wp-block-media-text__media\"><img loading=\"lazy\" decoding=\"async\" width=\"1024\" height=\"1024\" src=\"https:\/\/emiliedurand.fr\/wp-content\/uploads\/2024\/06\/14-1024x1024.png\" alt=\"\" class=\"wp-image-1551 size-full\" srcset=\"https:\/\/emiliedurand.fr\/wp-content\/uploads\/2024\/06\/14-1024x1024.png 1024w, https:\/\/emiliedurand.fr\/wp-content\/uploads\/2024\/06\/14-300x300.png 300w, https:\/\/emiliedurand.fr\/wp-content\/uploads\/2024\/06\/14-150x150.png 150w, https:\/\/emiliedurand.fr\/wp-content\/uploads\/2024\/06\/14-768x768.png 768w, https:\/\/emiliedurand.fr\/wp-content\/uploads\/2024\/06\/14-75x75.png 75w, https:\/\/emiliedurand.fr\/wp-content\/uploads\/2024\/06\/14.png 1080w\" sizes=\"auto, (max-width: 1024px) 100vw, 1024px\" \/><\/figure><\/div>\n\n\n\n<div class=\"wp-block-media-text is-stacked-on-mobile\"><figure class=\"wp-block-media-text__media\"><img loading=\"lazy\" decoding=\"async\" width=\"1024\" height=\"1024\" src=\"https:\/\/emiliedurand.fr\/wp-content\/uploads\/2024\/06\/12-1024x1024.png\" alt=\"\" class=\"wp-image-1556 size-full\" srcset=\"https:\/\/emiliedurand.fr\/wp-content\/uploads\/2024\/06\/12-1024x1024.png 1024w, https:\/\/emiliedurand.fr\/wp-content\/uploads\/2024\/06\/12-300x300.png 300w, https:\/\/emiliedurand.fr\/wp-content\/uploads\/2024\/06\/12-150x150.png 150w, https:\/\/emiliedurand.fr\/wp-content\/uploads\/2024\/06\/12-768x768.png 768w, https:\/\/emiliedurand.fr\/wp-content\/uploads\/2024\/06\/12-75x75.png 75w, https:\/\/emiliedurand.fr\/wp-content\/uploads\/2024\/06\/12.png 1080w\" sizes=\"auto, (max-width: 1024px) 100vw, 1024px\" \/><\/figure><div class=\"wp-block-media-text__content\">\n<h2 class=\"wp-block-heading\">Mes formations<\/h2>\n\n\n\n<p>Je fais le choix de me former de mani\u00e8re continue afin de <strong>garantir le bien \u00eatre et la s\u00e9curit\u00e9<\/strong> des bin\u00f4mes que j\u2019accompagne.<br>Les sciences du comportement canin \u00e9voluent chaque jour et il me semble indispensable d\u2019actualiser mes connaissances tr\u00e8s r\u00e9guli\u00e8rement afin de proposer un accompagnement s\u00e9rieux.<\/p>\n\n\n\n<div class=\"wp-block-buttons is-layout-flex wp-block-buttons-is-layout-flex\">\n<div class=\"wp-block-button has-custom-font-size has-small-font-size\"><a class=\"wp-block-button__link has-white-background-color has-text-color has-background has-link-color wp-element-button\" href=\"https:\/\/emiliedurand.fr\/index.php\/mes-formations\/\" style=\"color:#e7b10a\">Lire la suite&#8230;<\/a><\/div>\n<\/div>\n<\/div><\/div>\n","protected":false},"excerpt":{"rendered":"","protected":false},"author":1,"featured_media":0,"parent":0,"menu_order":0,"comment_status":"closed","ping_status":"closed","template":"","meta":{"footnotes":""},"class_list":["post-314","page","type-page","status-publish","hentry"],"yoast_head":"<!-- This site is optimized with the Yoast SEO plugin v26.2 - https:\/\/yoast.com\/wordpress\/plugins\/seo\/ -->\n<title>\u00c0 propos - \u00c9milie Durand - \u00c9ducation &amp; comportement canin<\/title>\n<meta name=\"robots\" content=\"index, follow, max-snippet:-1, max-image-preview:large, max-video-preview:-1\" \/>\n<link rel=\"canonical\" href=\"https:\/\/emiliedurand.fr\/index.php\/a-propos\/\" \/>\n<meta property=\"og:locale\" content=\"fr_FR\" \/>\n<meta property=\"og:type\" content=\"article\" \/>\n<meta property=\"og:title\" content=\"\u00c0 propos - \u00c9milie Durand - \u00c9ducation &amp; comportement canin\" \/>\n<meta property=\"og:url\" content=\"https:\/\/emiliedurand.fr\/index.php\/a-propos\/\" \/>\n<meta property=\"og:site_name\" content=\"\u00c9milie Durand - \u00c9ducation &amp; comportement canin\" \/>\n<meta property=\"article:publisher\" content=\"https:\/\/www.facebook.com\/people\/milie-Durand-ducation-comportement-canin\/100095410578884\/\" \/>\n<meta property=\"article:modified_time\" content=\"2024-06-13T09:29:27+00:00\" \/>\n<meta property=\"og:image\" content=\"http:\/\/emiliedurand.fr\/wp-content\/uploads\/2024\/06\/13-1-1024x1024.png\" \/>\n<meta name=\"twitter:card\" content=\"summary_large_image\" \/>\n<meta name=\"twitter:label1\" content=\"Dur\u00e9e de lecture estim\u00e9e\" \/>\n\t<meta name=\"twitter:data1\" content=\"1 minute\" \/>\n<script type=\"application\/ld+json\" class=\"yoast-schema-graph\">{\"@context\":\"https:\/\/schema.org\",\"@graph\":[{\"@type\":\"WebPage\",\"@id\":\"https:\/\/emiliedurand.fr\/index.php\/a-propos\/\",\"url\":\"https:\/\/emiliedurand.fr\/index.php\/a-propos\/\",\"name\":\"\u00c0 propos - \u00c9milie Durand - \u00c9ducation &amp; comportement canin\",\"isPartOf\":{\"@id\":\"https:\/\/emiliedurand.fr\/#website\"},\"primaryImageOfPage\":{\"@id\":\"https:\/\/emiliedurand.fr\/index.php\/a-propos\/#primaryimage\"},\"image\":{\"@id\":\"https:\/\/emiliedurand.fr\/index.php\/a-propos\/#primaryimage\"},\"thumbnailUrl\":\"http:\/\/emiliedurand.fr\/wp-content\/uploads\/2024\/06\/13-1-1024x1024.png\",\"datePublished\":\"2023-08-23T17:44:44+00:00\",\"dateModified\":\"2024-06-13T09:29:27+00:00\",\"breadcrumb\":{\"@id\":\"https:\/\/emiliedurand.fr\/index.php\/a-propos\/#breadcrumb\"},\"inLanguage\":\"fr-FR\",\"potentialAction\":[{\"@type\":\"ReadAction\",\"target\":[\"https:\/\/emiliedurand.fr\/index.php\/a-propos\/\"]}]},{\"@type\":\"ImageObject\",\"inLanguage\":\"fr-FR\",\"@id\":\"https:\/\/emiliedurand.fr\/index.php\/a-propos\/#primaryimage\",\"url\":\"https:\/\/emiliedurand.fr\/wp-content\/uploads\/2024\/06\/13-1.png\",\"contentUrl\":\"https:\/\/emiliedurand.fr\/wp-content\/uploads\/2024\/06\/13-1.png\",\"width\":1080,\"height\":1080},{\"@type\":\"BreadcrumbList\",\"@id\":\"https:\/\/emiliedurand.fr\/index.php\/a-propos\/#breadcrumb\",\"itemListElement\":[{\"@type\":\"ListItem\",\"position\":1,\"name\":\"Accueil\",\"item\":\"https:\/\/emiliedurand.fr\/\"},{\"@type\":\"ListItem\",\"position\":2,\"name\":\"\u00c0 propos\"}]},{\"@type\":\"WebSite\",\"@id\":\"https:\/\/emiliedurand.fr\/#website\",\"url\":\"https:\/\/emiliedurand.fr\/\",\"name\":\"\u00c9milie Durand - \u00c9ducation & comportement canin\",\"description\":\"Un accompagnement bienveillant pour l&#039;humain &amp; le chien\",\"publisher\":{\"@id\":\"https:\/\/emiliedurand.fr\/#organization\"},\"potentialAction\":[{\"@type\":\"SearchAction\",\"target\":{\"@type\":\"EntryPoint\",\"urlTemplate\":\"https:\/\/emiliedurand.fr\/?s={search_term_string}\"},\"query-input\":{\"@type\":\"PropertyValueSpecification\",\"valueRequired\":true,\"valueName\":\"search_term_string\"}}],\"inLanguage\":\"fr-FR\"},{\"@type\":\"Organization\",\"@id\":\"https:\/\/emiliedurand.fr\/#organization\",\"name\":\"\u00c9milie Durand - \u00c9ducation & comportement canin\",\"url\":\"https:\/\/emiliedurand.fr\/\",\"logo\":{\"@type\":\"ImageObject\",\"inLanguage\":\"fr-FR\",\"@id\":\"https:\/\/emiliedurand.fr\/#\/schema\/logo\/image\/\",\"url\":\"https:\/\/emiliedurand.fr\/wp-content\/uploads\/2023\/08\/cropped-facebook_OP_logo_ED_1-6.png\",\"contentUrl\":\"https:\/\/emiliedurand.fr\/wp-content\/uploads\/2023\/08\/cropped-facebook_OP_logo_ED_1-6.png\",\"width\":1146,\"height\":964,\"caption\":\"\u00c9milie Durand - \u00c9ducation & comportement canin\"},\"image\":{\"@id\":\"https:\/\/emiliedurand.fr\/#\/schema\/logo\/image\/\"},\"sameAs\":[\"https:\/\/www.facebook.com\/people\/milie-Durand-ducation-comportement-canin\/100095410578884\/\",\"https:\/\/www.instagram.com\/emilie_durnd\/\"]}]}<\/script>\n<!-- \/ Yoast SEO plugin. -->","yoast_head_json":{"title":"\u00c0 propos - \u00c9milie Durand - \u00c9ducation &amp; comportement canin","robots":{"index":"index","follow":"follow","max-snippet":"max-snippet:-1","max-image-preview":"max-image-preview:large","max-video-preview":"max-video-preview:-1"},"canonical":"https:\/\/emiliedurand.fr\/index.php\/a-propos\/","og_locale":"fr_FR","og_type":"article","og_title":"\u00c0 propos - \u00c9milie Durand - \u00c9ducation &amp; comportement canin","og_url":"https:\/\/emiliedurand.fr\/index.php\/a-propos\/","og_site_name":"\u00c9milie Durand - \u00c9ducation &amp; comportement canin","article_publisher":"https:\/\/www.facebook.com\/people\/milie-Durand-ducation-comportement-canin\/100095410578884\/","article_modified_time":"2024-06-13T09:29:27+00:00","og_image":[{"url":"http:\/\/emiliedurand.fr\/wp-content\/uploads\/2024\/06\/13-1-1024x1024.png","type":"","width":"","height":""}],"twitter_card":"summary_large_image","twitter_misc":{"Dur\u00e9e de lecture estim\u00e9e":"1 minute"},"schema":{"@context":"https:\/\/schema.org","@graph":[{"@type":"WebPage","@id":"https:\/\/emiliedurand.fr\/index.php\/a-propos\/","url":"https:\/\/emiliedurand.fr\/index.php\/a-propos\/","name":"\u00c0 propos - \u00c9milie Durand - \u00c9ducation &amp; comportement canin","isPartOf":{"@id":"https:\/\/emiliedurand.fr\/#website"},"primaryImageOfPage":{"@id":"https:\/\/emiliedurand.fr\/index.php\/a-propos\/#primaryimage"},"image":{"@id":"https:\/\/emiliedurand.fr\/index.php\/a-propos\/#primaryimage"},"thumbnailUrl":"http:\/\/emiliedurand.fr\/wp-content\/uploads\/2024\/06\/13-1-1024x1024.png","datePublished":"2023-08-23T17:44:44+00:00","dateModified":"2024-06-13T09:29:27+00:00","breadcrumb":{"@id":"https:\/\/emiliedurand.fr\/index.php\/a-propos\/#breadcrumb"},"inLanguage":"fr-FR","potentialAction":[{"@type":"ReadAction","target":["https:\/\/emiliedurand.fr\/index.php\/a-propos\/"]}]},{"@type":"ImageObject","inLanguage":"fr-FR","@id":"https:\/\/emiliedurand.fr\/index.php\/a-propos\/#primaryimage","url":"https:\/\/emiliedurand.fr\/wp-content\/uploads\/2024\/06\/13-1.png","contentUrl":"https:\/\/emiliedurand.fr\/wp-content\/uploads\/2024\/06\/13-1.png","width":1080,"height":1080},{"@type":"BreadcrumbList","@id":"https:\/\/emiliedurand.fr\/index.php\/a-propos\/#breadcrumb","itemListElement":[{"@type":"ListItem","position":1,"name":"Accueil","item":"https:\/\/emiliedurand.fr\/"},{"@type":"ListItem","position":2,"name":"\u00c0 propos"}]},{"@type":"WebSite","@id":"https:\/\/emiliedurand.fr\/#website","url":"https:\/\/emiliedurand.fr\/","name":"\u00c9milie Durand - \u00c9ducation & comportement canin","description":"Un accompagnement bienveillant pour l&#039;humain &amp; le chien","publisher":{"@id":"https:\/\/emiliedurand.fr\/#organization"},"potentialAction":[{"@type":"SearchAction","target":{"@type":"EntryPoint","urlTemplate":"https:\/\/emiliedurand.fr\/?s={search_term_string}"},"query-input":{"@type":"PropertyValueSpecification","valueRequired":true,"valueName":"search_term_string"}}],"inLanguage":"fr-FR"},{"@type":"Organization","@id":"https:\/\/emiliedurand.fr\/#organization","name":"\u00c9milie Durand - \u00c9ducation & comportement canin","url":"https:\/\/emiliedurand.fr\/","logo":{"@type":"ImageObject","inLanguage":"fr-FR","@id":"https:\/\/emiliedurand.fr\/#\/schema\/logo\/image\/","url":"https:\/\/emiliedurand.fr\/wp-content\/uploads\/2023\/08\/cropped-facebook_OP_logo_ED_1-6.png","contentUrl":"https:\/\/emiliedurand.fr\/wp-content\/uploads\/2023\/08\/cropped-facebook_OP_logo_ED_1-6.png","width":1146,"height":964,"caption":"\u00c9milie Durand - \u00c9ducation & comportement canin"},"image":{"@id":"https:\/\/emiliedurand.fr\/#\/schema\/logo\/image\/"},"sameAs":["https:\/\/www.facebook.com\/people\/milie-Durand-ducation-comportement-canin\/100095410578884\/","https:\/\/www.instagram.com\/emilie_durnd\/"]}]}},"_links":{"self":[{"href":"https:\/\/emiliedurand.fr\/index.php\/wp-json\/wp\/v2\/pages\/314","targetHints":{"allow":["GET"]}}],"collection":[{"href":"https:\/\/emiliedurand.fr\/index.php\/wp-json\/wp\/v2\/pages"}],"about":[{"href":"https:\/\/emiliedurand.fr\/index.php\/wp-json\/wp\/v2\/types\/page"}],"author":[{"embeddable":true,"href":"https:\/\/emiliedurand.fr\/index.php\/wp-json\/wp\/v2\/users\/1"}],"replies":[{"embeddable":true,"href":"https:\/\/emiliedurand.fr\/index.php\/wp-json\/wp\/v2\/comments?post=314"}],"version-history":[{"count":17,"href":"https:\/\/emiliedurand.fr\/index.php\/wp-json\/wp\/v2\/pages\/314\/revisions"}],"predecessor-version":[{"id":1560,"href":"https:\/\/emiliedurand.fr\/index.php\/wp-json\/wp\/v2\/pages\/314\/revisions\/1560"}],"wp:attachment":[{"href":"https:\/\/emiliedurand.fr\/index.php\/wp-json\/wp\/v2\/media?parent=314"}],"curies":[{"name":"wp","href":"https:\/\/api.w.org\/{rel}","templated":true}]}}